Calculate -9 - -3 - (8 + -7 + -3).
-4
What is 1 + -1 + 0 + -3?
-3
What is (7 - 2) + -5 + (12 - 3)?
9
Evaluate -7 + (1 - ((7 - 2) + -19)).
8
Calculate (-1 + -1 - 2 - 3) + 4.
-3
What is 4 + -1 + (-6 - 5)?
-8
What is the value of (-1 + 2 - 9) + -4 + 7?
-5
What is the value of 6 + -4 - 7 - -8?
3
What is 4 + 3 + -5 + -2?
0
What is -1 - (-10 - -8) - 3?
-2
What is -2 - -1 - (-4 + 5)?
-2
Evaluate -6 + -1 + (9 - 3).
-1
Evaluate 2 - (1 - (-1 + 0)) - 2.
-2
Calculate -2 + (-1 - (3 + -5)).
-1
What is 11 - 2 - 7 - 1?
1
What is -1 - (14 + -2) - (-29 + 22)?
-6
Evaluate (0 - (0 - 0)) + (-6 - -1).
-5
Evaluate (-5 - -5) + 0 + 4.
4
Evaluate 4 - 0 - (0 + 0 + 2).
2
Calculate -1 + (0 - (-4 + (1 - -1))).
1
What is -3 + (-1 - -5) - 1?
0
Evaluate (1 - 0 - -2 - 1) + -1.
1
What is 4 + (-13 - -6) - 1?
-4
What is -2 + 2 + (1 - 6)?
-5
What is the value of (-3 - -3) + (10 - 4) - 1?
5
What is 8 + (-5 - 1) + 1 - 9?
-6
What is the value of (-1 - 6) + 8 - 2?
-1
What is the value of 4 - (5 - 2) - (5 - 1)?
-3
What is 2 + -3 + 3 - -2?
4
What is the value of 9 + -13 + (-3 + 2 - -2)?
-3
Evaluate (-3 - -4) + -3 + -1.
-3
Calculate -1 + (-7 - -4 - -9).
5
What is the value of (0 - (0 - -5)) + (2 - -1)?
-2
What is -5 + (15 - 4) + -8?
-2
(-28 - -22) + (1 - -1)
-4
Calculate -10 + -1 + 5 - (-1 - -6).
-11
14 - 5 - (2 - -2)
5
What is -13 + (23 - 6) + -1?
3
Evaluate 3 + -1 + 1 - 1.
2
What is -5 + 7 + -2 + 5?
5
Calculate -4 - (1 + 0 + (-4 - 4)).
3
3 - -6 - 0 - 4
5
What is (-4 - (-6 - -3 - -5)) + 1?
-5
Evaluate 3 - (5 + (-3 - (3 + -1))).
3
Evaluate (-22 - -3) + 8 - -7.
-4
What is 3 - (-3 - -4) - (0 + 0)?
2
What is -12 + 14 + 12 + -6?
8
Evaluate 1 - ((27 - 30) + (7 - -1)).
-4
What is -1 + 2 - -5 - (5 - 7)?
8
-2 - ((2 - 3) + 3)
-4
What is the value of -5 + (6 + -4 - -6) - -4?
7
(-1 - -5 - (3 - 1)) + 2
4
What is (8 + 6 - 10) + (2 - 14)?
-8
2 + -1 - (-20 - -26)
-5
0 - (2 + -7 + -7 + 8)
4
Calculate 6 - ((1 - 4 - -2) + 2).
5
Evaluate (1 - 6) + 0 + 1.
-4
What is the value of (1 - -7) + -5 + (3 - 2)?
4
(1 - 7) + (0 - -2)
-4
-3 - 0 - (-22 + 23)
-4
What is -3 + 3 + -3 + -2 + 3?
-2
-3 + (2 - (-1 + (-2 - -5)))
-3
What is 1 - 0 - ((3 - -2) + -8)?
4
Evaluate 2 + 5 + -4 + -3 - 1.
-1
Evaluate -4 + 2 + 2 - -2.
2
What is the value of (3 - 2 - 3) + 2?
0
Evaluate -1 + 9 + -12 - (2 - 4).
-2
0 - (2 - -2) - (4 - 8)
0
Calculate (-2 + 12 - 7) + -7.
-4
Calculate -2 - (2 + -1 - -2).
-5
Evaluate 13 - (7 - (-20 + 6)).
-8
Calculate -3 - (-3 - (-2 - (0 - -1))).
-3
Calculate -1 + 4 - (-4 + 3).
4
Evaluate -8 + 20 - (11 + -2).
3
What is -3 - (7 + -3 + (-1 - 1))?
-5
What is the value of 1 + 3 + 1 - 4?
1
(3 - 0) + (0 - 9) + 1
-5
What is -1 - (-4 - (-4 - (4 - 2)))?
-3
What is -4 - -5 - -3 - 3?
1
What is -2 + 4 - (-9 + (8 - -6))?
-3
Calculate -8 + (20 - (-11 - -22)).
1
Calculate 4 + (-2 - 1) - (-2 - -2).
1
6 - ((-9 - -2) + 14)
-1
Calculate 6 - 7 - (-1 - (-1 - 4)).
-5
What is the value of -9 + (-10 - -15) + 1 + 2?
-1
What is -2 + (2 - -3) + -7?
-4
(-1 + 1 - 0) + -49 + 49
0
Evaluate -11 + (6 + 0 - 3) - 1.
-9
What is the value of (-2 - -2) + (21 - 31)?
-10
Evaluate 3 - (1 - 2) - (-4 + 13).
-5
Calculate 6 - (7 + -6 + 2 + 0).
3
-4 + (3 - (-4 - -3))
0
What is the value of -3 - (6 - 14 - -5)?
0
What is -3 - -6 - ((3 - 9) + 4)?
5
Calculate 1 + -2 + (8 - 4) + 1.
4
Calculate 2 + (7 - 9) - -3.
3
What is 15 - 13 - (0 + 4)?
-2
3 + -4 + -2 - -4
1
Evaluate 1 - 0 - (-1 + -11 + 8).
5
What is the value of -10 - -1 - (-3 + -1 + -1)?
-4
What is -28 - -33 - (9 - 0)?
-4
What is -12 + 10 + -1 + 1?
-2
What is the value of 6 + (-2 - 0 - -1)?
5
1 + 0 + (0 - 6) + 8
3
Evaluate -6 + (-5 - -8 - -1).
-2
-1 - 4 - (-4 + -1)
0
Calculate 32 + -29 - (-1 - -7).
-3
Calculate -1 - 1 - (14 - 16).
0
What is -7 - 0 - (-13 + 10)?
-4
Evaluate 0 + (8 - 2 - 1 - 12).
-7
Evaluate 6 + (-2 + 0 - (-2 + 1)).
5
(6 - (2 + -1)) + (-75 - -70)
0
Evaluate (-22 + 11 - -6) + (3 - 0).
-2
Evaluate (1 - (3 - (5 - 2))) + -4.
-3
Calculate -11 - 1 - (-31 - -22).
-3
What is the value of 4 - (3 + (9 - 10))?
2
What is the value of (-5 - 0) + 1 + -6 + 7?
-3
What is -13 + (8 - 1) - 0 - 0?
-6
What is -1 - (-8 + (0 - -4))?
3
What is -5 - -2 - (4 + -8) - -2?
3
Evaluate 6 - 8 - (0 - 2).
0
Calculate -9 + (0 - -5) + 6 + 3.
5
Calculate 2 - -4 - (13 + 0 + -7).
0
Calculate 0 - (0 - (4 + -7)).
-3
What is 1 + 0 + 12 + -24 + 14?
3
Calculate -4 - (-1 + -1 + (3 - 0)).
-5
Calculate 11 - 14 - (0 + -7).
4
What is the value of (10 - 1) + (9 - 13)?
5
Calculate 1 + 1 + 0 - (-27 + 27).
2
What is the value of (-2 - -3 - 5) + (4 - 5)?
-5
What is -208 + 214 + -4 + 1 + -2?
1
What is the value of -1 + 2 + 1 + -3 - 2?
-3
Calculate -6 + 2 - (-2 - 1).
-1
Calculate 28 - 42 - (-12 - -2).
-4
0 + 4 + -2 + -2
0
What is (4 - 5) + (4 - -4)?
7
What is the value of -5 - (-12 - -9 - 4)?
2
Evaluate 4 + (-10 - -5) - (0 - -1).
-2
Calculate (2 - (-13 - -3)) + -3.
9
Evaluate -6 + -1 + -2 + 4 + 13.
8
What is the value of 0 + -9 + 4 - 2?
-7
What is -1 + (11 - 6) + -6 + 3?
1
Evaluate 0 + 2 - (1 + 2).
-1
What is (5 - 2) + (0 - 3)?
0
(9 - (22 + -9)) + 1
-3
What is (5 - 2) + -1 + -3 + -1?
-2
1 + (-21 - -24) + -8 + -2
-6
What is (-8 - -9 - -8) + -3?
6
What is the value of (-6 + 3 - 2) + 0?
-5
What is (-7 + 19 - 6) + -8?
-2
-12 - -14 - (2 + -1)
1
Evaluate 1 + (-7 + (-3 - -2) - -3).
-4
Evaluate 9 - (6 + -6 + -1 - -6).
4
(4 - -3) + 2 + -16
-7
Evaluate -9 + 4 + 2 + (-2 - 0).
-5
What is the value of (17 - 5) + -7 + (-2 - 0)?
3
Calculate (2 - -1 - (5 + -2)) + -1.
-1
What is the value of (2 + 4 - 5) + 6?
7
1 + 0 - (-27 + 21)
7
Evaluate (-7 + 3 - 1) + 16 + -16.
-5
What is the value of (-6 - (-1 - -3)) + 4?
-4
24 + (-9 - 5) - (7 - 0)
3
What is -14 + 7 + (-7 - -8) - -11?
5
What is the value of -3 - (-8 + (-3 - (-1 + -3)))?
4
Evaluate -7 - (-28 + 10 + 2).
9
What is -4 + (-1 - (3 - 11))?
3
What is the value of 13 + -8 + -2 + -3?
0
-3 + -1 - (-10 + 2)
4
Evaluate (-2 - -3) + -7 - (-36 + 29).
1
What is the value of 1 - -1 - (5 - 1) - 3?
-5
Evaluate 4 + (1 - (1 + 6 + 0)).
-2
0 + -1 + 0 - (22 - 20)
-3
What is (-7 - -4 - -6) + 3 + -3?
3
What is the value of (1 - (-5 - -1) - 7) + 2?
0
Calculate 1 + -11 + (4 - 1) - -3.
-4
Calculate 5 + (-3 - (-3 - 0)).
5
What is the value of 4 - (2 - (-11 + 4) - 6)?
1
(-4 - 0) + (-4 - (7 - 8))
-7
What is the value of 30 + -26 - (0 - -3)?
1
Calculate 27 + -18 + -13 + 2.
-2
Evaluate -8 - ((-24 - -4) + 3).
9
Calculate -10 - (-6 + 3 + 4 + -4).
-7
-2 + 9 + -1 + 52 + -53
5
5 + -12 + 5 - 0
-2
Calculate -1 + (3 - 2) - 1.
-1
(-1 - 5) + (26 + -3 - 11)
6
Calculate 10 - (-2 + -5 + 20).
-3
(-6 - 0) + 2 + (-15 - -18)
-1
What is 15 + -10 + 5 + -4?
6
Evaluate 3 + (5 - 6) + -5.
-3
What is -4 - ((-19 - 0) + 7) - 3?
5
0 + (-6 - (0 - 4)) + 2
0
(0 - -8) + -2 + -1
5
Calculate -2 - (1 + 4) - (5 + -7).
-5
(-5 + 6 - -1) + (1 - 2)
1
Calculate 4 - 1 - 3 - (5 + -3).
-2
What is 1 - 1 - 2 - (135 + -134)?
-3
Calculate 5 + (-7 - 3 - (-14 - -18)).
-9
What is 9 - 3 - 7 - 2?
-3
-1 + 0 - -9 - (-1 - -11)
-2
Evaluate 7 - (-1 + 8 + -1).
1
What is the value of -5 - (9 + -14 + 7)?
-7
What is the value of 9 - (13 + 7 + -17)?
6
What is (5 - 6) + 9 + -3?
5
What is the value of 3 - (3 - (3 + 0 - 2))?
1
-8 + 3 + 4 + -4
-5
Calculate (6 - 13) + -5 + 5.
-7
Evaluate -3 + 5 + -6 + 1.
-3
Calculate (1 - (9 + -2)) + 2.
-4
What is the value of 4 - (2 - -1) - -1 - 2?
0
Calculate -7 + -3 + 8 + -1.
-3
What is 13 + (-24 - 1) - -13?
1
-82 + 88 + (0 - 10)
-4
What is the value of -3 + (1 - 5 - -3)?
-4
(10 + -4 - 8) + -1 + 5
2
Evaluate 1 - -14 - (62 + -54).
7
(6 - 3) + 8 + (5 - 10)
6
(-7 + 10 + -4 - 4) + 8
3
Calculate -2 + (-1 - 4) - -5.
-2
What is -2 - -4 - (-2 + 1 + -2)?
5
Calculate -3 + 4 - (0 - (-1 + 4)).
4
What is -1 - (13 + -7) - -2?
-5
What is 4 - (7 + (-8 - -1)) - 4?
0
What is the value of (2 - 0) + (-2 + 0 - -5)?
5
Evaluate 9 - (-3 + 9) - -3.
6
What is (23 - 18) + -8 + 2?
-1
10 + (-3 - 1) + -2
4
What is 5 - (-4 - -3) - -6 - 6?
6
Evaluate (5 - 6) + -3 + (1 - -2).
-1
(2 - 1 - 1) + (-26 - -31)
5
What is the value of 12 - 7 - 5 - 5?
-5
What is the value of 14 - (6 + 0 + 9 + -10)?
9
Evaluate (-12 - -19) + -15 - -6.
-2
Calculate -7 - (4 + -3) - -5.
-3
Calculate (0 - 1) + (8 - (6 + -2)).
3
11 + 4 + (-17 - -5)
3
What is -4 + 2 + -1 + 2?
-1
What is the value of 13 + -2 + 0 - 5?
6
What is -11 + 1 - (-14 + (16 - 7))?
-5
Evaluate -1 - 2 - (2 + -9 + 4).
0
Calculate 2 + (-7 - -4) - -5.
4
(-1 + -4 - -3